{"id":325,"date":"2022-08-01T18:05:00","date_gmt":"2022-08-01T16:05:00","guid":{"rendered":"http:\/\/savatevercorsaltitude.com\/?page_id=325"},"modified":"2024-08-03T16:38:58","modified_gmt":"2024-08-03T14:38:58","slug":"horaires","status":"publish","type":"page","link":"https:\/\/savatevercorsaltitude.com\/index.php\/horaires\/","title":{"rendered":"Horaires"},"content":{"rendered":"\n<div class=\"wp-block-group alignwide\"><div class=\"wp-block-group__inner-container is-layout-flow wp-block-group-is-layout-flow\">\n<div class=\"wp-block-columns alignwide has-white-color has-text-color has-background is-layout-flex wp-container-core-columns-is-layout-28f84493 wp-block-columns-is-layout-flex\" style=\"background-color:#e8e8e800\">\n<div class=\"wp-block-column has-black-color has-text-color has-background has-link-color wp-elements-174e29fe08c0a45f300a3e42cfde4558 is-layout-flow wp-block-column-is-layout-flow\" style=\"background-color:#ff0000;padding-top:2em;padding-right:2em;padding-bottom:2em;padding-left:2em\">\n<h3 class=\"wp-block-heading has-text-align-center has-black-color has-text-color\" id=\"single\" style=\"font-size:30px\"><em>Boxe Fran\u00e7aise Savate<\/em><\/h3>\n\n\n\n<hr class=\"wp-block-separator has-text-color has-white-color has-alpha-channel-opacity has-white-background-color has-background is-style-wide\"\/>\n\n\n\n<ul class=\"wp-block-list has-black-color has-text-color has-normal-font-size\">\n<li>Lundi : 20h15 \/22h15 : Multi-boxe<\/li>\n\n\n\n<li>Mardi : 18h30\/ 20H00<\/li>\n\n\n\n<li>Mercredi : 19h00\/21h00<\/li>\n\n\n\n<li>Vendredi : 19h00 \/21h00<\/li>\n<\/ul>\n<\/div>\n\n\n\n<div class=\"wp-block-column has-black-color has-text-color has-background has-link-color wp-elements-e006c9522d2a3ea0ba040edef1a2a391 is-layout-flow wp-block-column-is-layout-flow\" style=\"background-color:#ff0000;padding-top:2em;padding-right:2em;padding-bottom:2em;padding-left:2em\">\n<h3 class=\"wp-block-heading has-text-align-center has-black-color has-text-color\" id=\"patron\" style=\"font-size:30px\"><em>Cross-Training<\/em>  <\/h3>\n\n\n\n<hr class=\"wp-block-separator has-css-opacity is-style-wide\"\/>\n\n\n\n<ul class=\"wp-block-list has-black-color has-text-color has-normal-font-size\">\n<li>Lundi : 19h15 \/ 20h15<\/li>\n<\/ul>\n<\/div>\n<\/div>\n\n\n\n<div class=\"wp-block-columns alignwide has-white-color has-text-color has-background is-layout-flex wp-container-core-columns-is-layout-28f84493 wp-block-columns-is-layout-flex\" style=\"background-color:#e8e8e800\">\n<div class=\"wp-block-column has-black-color has-text-color has-background has-link-color wp-elements-9ab1cf6d579ae1816e257b02aab9856a is-layout-flow wp-block-column-is-layout-flow\" style=\"background-color:#ff0000;padding-top:2em;padding-right:2em;padding-bottom:2em;padding-left:2em\">\n<h3 class=\"wp-block-heading has-text-align-center has-black-color has-text-color\" id=\"single\" style=\"font-size:30px\"><em>Boxe Fran\u00e7aise Enfants <\/em><\/h3>\n\n\n\n<hr class=\"wp-block-separator has-text-color has-white-color has-alpha-channel-opacity has-white-background-color has-background is-style-wide\"\/>\n\n\n\n<ul class=\"wp-block-list has-black-color has-text-color has-normal-font-size\">\n<li>Mardi : 18h30\/20h00<\/li>\n<\/ul>\n<\/div>\n\n\n\n<div class=\"wp-block-column has-black-color has-text-color has-background has-link-color wp-elements-9644f9bf7e2456223e9fb72e6e9dfacc is-layout-flow wp-block-column-is-layout-flow\" style=\"background-color:#ff0000;padding-top:2em;padding-right:2em;padding-bottom:2em;padding-left:2em\">\n<h3 class=\"wp-block-heading has-text-align-center has-black-color has-text-color\" id=\"single\" style=\"font-size:30px\"><em>Instant Zen<\/em><\/h3>\n\n\n\n<hr class=\"wp-block-separator has-text-color has-white-color has-alpha-channel-opacity has-white-background-color has-background is-style-wide\"\/>\n\n\n\n<ul class=\"wp-block-list has-black-color has-text-color has-normal-font-size\">\n<li>Mardi : 18h00\/19h30<\/li>\n<\/ul>\n<\/div>\n\n\n\n<div class=\"wp-block-column has-black-color has-text-color has-background has-link-color wp-elements-900208a04f4d12ac7f9028fb8ddad059 is-layout-flow wp-block-column-is-layout-flow\" style=\"background-color:#ff0000;padding-top:2em;padding-right:2em;padding-bottom:2em;padding-left:2em\">\n<h3 class=\"wp-block-heading has-text-align-center has-black-color has-text-color\" id=\"family\" style=\"font-size:30px\"><em>Savate Fitness Forme<\/em><\/h3>\n\n\n\n<hr class=\"wp-block-separator has-text-color has-white-color has-alpha-channel-opacity has-white-background-color has-background is-style-wide\"\/>\n\n\n\n<ul class=\"wp-block-list has-black-color has-text-color has-normal-font-size\">\n<li>Mercredi : 19h15\/ 20h45 (Lans-en-Vercors)<\/li>\n<\/ul>\n<\/div>\n<\/div>\n\n\n\n<div class=\"wp-block-columns has-white-color has-text-color is-layout-flex wp-container-core-columns-is-layout-28f84493 wp-block-columns-is-layout-flex\">\n<div class=\"wp-block-column has-background is-layout-flow wp-block-column-is-layout-flow\" style=\"background-color:#ff0000\">\n<div class=\"wp-block-cover aligncenter is-light has-custom-content-position is-position-top-center\" style=\"min-height:341px;aspect-ratio:unset;\"><img loading=\"lazy\" decoding=\"async\" width=\"792\" height=\"529\" class=\"wp-block-cover__image-background wp-image-181\" alt=\"\" src=\"https:\/\/savatevercorsaltitude.com\/wp-content\/uploads\/2022\/07\/gant-de-boxe-e1660290395399.jpg\" data-object-fit=\"cover\" srcset=\"https:\/\/savatevercorsaltitude.com\/wp-content\/uploads\/2022\/07\/gant-de-boxe-e1660290395399.jpg 792w, https:\/\/savatevercorsaltitude.com\/wp-content\/uploads\/2022\/07\/gant-de-boxe-e1660290395399-300x200.jpg 300w, https:\/\/savatevercorsaltitude.com\/wp-content\/uploads\/2022\/07\/gant-de-boxe-e1660290395399-768x513.jpg 768w, https:\/\/savatevercorsaltitude.com\/wp-content\/uploads\/2022\/07\/gant-de-boxe-e1660290395399-360x240.jpg 360w\" sizes=\"auto, (max-width: 792px) 100vw, 792px\" \/><span aria-hidden=\"true\" class=\"wp-block-cover__background has-background-dim\"><\/span><div class=\"wp-block-cover__inner-container is-layout-flow wp-block-cover-is-layout-flow\">\n<p class=\"has-text-align-center has-white-color has-text-color has-large-font-size\"><em><strong>Passage de grades<\/strong><\/em><\/p>\n\n\n\n<p class=\"has-text-align-center has-white-color has-text-color\"><strong><em>Deux fois par saison, le club organise des passages de grades afin de marquer la progression de nos adh\u00e9rents et leur ouvrir les portes de certaines comp\u00e9titions.<\/em><\/strong><\/p>\n<\/div><\/div>\n<\/div>\n<\/div>\n\n\n\n<hr class=\"wp-block-separator has-alpha-channel-opacity is-style-default\"\/>\n<\/div><\/div>\n","protected":false},"excerpt":{"rendered":"","protected":false},"author":1,"featured_media":175,"parent":0,"menu_order":0,"comment_status":"closed","ping_status":"closed","template":"","meta":{"footnotes":""},"class_list":["post-325","page","type-page","status-publish","has-post-thumbnail","hentry"],"yoast_head":"<!-- This site is optimized with the Yoast SEO plugin v21.0 - https:\/\/yoast.com\/wordpress\/plugins\/seo\/ -->\n<title>Horaires - Savate Vercors Altitude<\/title>\n<meta name=\"description\" content=\"Venez tester nos cours : Savate, Boxe d\u00e9fense, Fitness, Cross-Training, Multi-boxe ou Instant zen. 9 cr\u00e9neaux \u00e0 votre disposition!\" \/>\n<meta name=\"robots\" content=\"index, follow, max-snippet:-1, max-image-preview:large, max-video-preview:-1\" \/>\n<link rel=\"canonical\" href=\"https:\/\/savatevercorsaltitude.com\/index.php\/horaires\/\" \/>\n<meta property=\"og:locale\" content=\"fr_FR\" \/>\n<meta property=\"og:type\" content=\"article\" \/>\n<meta property=\"og:title\" content=\"Horaires - Savate Vercors Altitude\" \/>\n<meta property=\"og:description\" content=\"Venez tester nos cours : Savate, Boxe d\u00e9fense, Fitness, Cross-Training, Multi-boxe ou Instant zen. 9 cr\u00e9neaux \u00e0 votre disposition!\" \/>\n<meta property=\"og:url\" content=\"https:\/\/savatevercorsaltitude.com\/index.php\/horaires\/\" \/>\n<meta property=\"og:site_name\" content=\"Savate Vercors Altitude\" \/>\n<meta property=\"article:publisher\" content=\"https:\/\/www.facebook.com\/savatevercorsaltitude\" \/>\n<meta property=\"article:modified_time\" content=\"2024-08-03T14:38:58+00:00\" \/>\n<meta property=\"og:image\" content=\"https:\/\/savatevercorsaltitude.com\/wp-content\/uploads\/2022\/07\/entrainement.jpg\" \/>\n\t<meta property=\"og:image:width\" content=\"670\" \/>\n\t<meta property=\"og:image:height\" content=\"460\" \/>\n\t<meta property=\"og:image:type\" content=\"image\/jpeg\" \/>\n<meta name=\"twitter:card\" content=\"summary_large_image\" \/>\n<meta name=\"twitter:label1\" content=\"Dur\u00e9e de lecture estim\u00e9e\" \/>\n\t<meta name=\"twitter:data1\" content=\"1 minute\" \/>\n<script type=\"application\/ld+json\" class=\"yoast-schema-graph\">{\"@context\":\"https:\/\/schema.org\",\"@graph\":[{\"@type\":\"WebPage\",\"@id\":\"https:\/\/savatevercorsaltitude.com\/index.php\/horaires\/\",\"url\":\"https:\/\/savatevercorsaltitude.com\/index.php\/horaires\/\",\"name\":\"Horaires - Savate Vercors Altitude\",\"isPartOf\":{\"@id\":\"https:\/\/savatevercorsaltitude.com\/#website\"},\"datePublished\":\"2022-08-01T16:05:00+00:00\",\"dateModified\":\"2024-08-03T14:38:58+00:00\",\"description\":\"Venez tester nos cours : Savate, Boxe d\u00e9fense, Fitness, Cross-Training, Multi-boxe ou Instant zen. 9 cr\u00e9neaux \u00e0 votre disposition!\",\"breadcrumb\":{\"@id\":\"https:\/\/savatevercorsaltitude.com\/index.php\/horaires\/#breadcrumb\"},\"inLanguage\":\"fr-FR\",\"potentialAction\":[{\"@type\":\"ReadAction\",\"target\":[\"https:\/\/savatevercorsaltitude.com\/index.php\/horaires\/\"]}]},{\"@type\":\"BreadcrumbList\",\"@id\":\"https:\/\/savatevercorsaltitude.com\/index.php\/horaires\/#breadcrumb\",\"itemListElement\":[{\"@type\":\"ListItem\",\"position\":1,\"name\":\"Accueil\",\"item\":\"https:\/\/savatevercorsaltitude.com\/\"},{\"@type\":\"ListItem\",\"position\":2,\"name\":\"Horaires\"}]},{\"@type\":\"WebSite\",\"@id\":\"https:\/\/savatevercorsaltitude.com\/#website\",\"url\":\"https:\/\/savatevercorsaltitude.com\/\",\"name\":\"Savate Vercors Altitude\",\"description\":\"Savate Vercors Altitude\",\"publisher\":{\"@id\":\"https:\/\/savatevercorsaltitude.com\/#organization\"},\"potentialAction\":[{\"@type\":\"SearchAction\",\"target\":{\"@type\":\"EntryPoint\",\"urlTemplate\":\"https:\/\/savatevercorsaltitude.com\/?s={search_term_string}\"},\"query-input\":\"required name=search_term_string\"}],\"inLanguage\":\"fr-FR\"},{\"@type\":\"Organization\",\"@id\":\"https:\/\/savatevercorsaltitude.com\/#organization\",\"name\":\"Savate Vercors Altitude\",\"url\":\"https:\/\/savatevercorsaltitude.com\/\",\"logo\":{\"@type\":\"ImageObject\",\"inLanguage\":\"fr-FR\",\"@id\":\"https:\/\/savatevercorsaltitude.com\/#\/schema\/logo\/image\/\",\"url\":\"https:\/\/savatevercorsaltitude.com\/wp-content\/uploads\/2022\/07\/cropped-logo-2.jpg\",\"contentUrl\":\"https:\/\/savatevercorsaltitude.com\/wp-content\/uploads\/2022\/07\/cropped-logo-2.jpg\",\"width\":1181,\"height\":787,\"caption\":\"Savate Vercors Altitude\"},\"image\":{\"@id\":\"https:\/\/savatevercorsaltitude.com\/#\/schema\/logo\/image\/\"},\"sameAs\":[\"https:\/\/www.facebook.com\/savatevercorsaltitude\"]}]}<\/script>\n<!-- \/ Yoast SEO plugin. -->","yoast_head_json":{"title":"Horaires - Savate Vercors Altitude","description":"Venez tester nos cours : Savate, Boxe d\u00e9fense, Fitness, Cross-Training, Multi-boxe ou Instant zen. 9 cr\u00e9neaux \u00e0 votre disposition!","robots":{"index":"index","follow":"follow","max-snippet":"max-snippet:-1","max-image-preview":"max-image-preview:large","max-video-preview":"max-video-preview:-1"},"canonical":"https:\/\/savatevercorsaltitude.com\/index.php\/horaires\/","og_locale":"fr_FR","og_type":"article","og_title":"Horaires - Savate Vercors Altitude","og_description":"Venez tester nos cours : Savate, Boxe d\u00e9fense, Fitness, Cross-Training, Multi-boxe ou Instant zen. 9 cr\u00e9neaux \u00e0 votre disposition!","og_url":"https:\/\/savatevercorsaltitude.com\/index.php\/horaires\/","og_site_name":"Savate Vercors Altitude","article_publisher":"https:\/\/www.facebook.com\/savatevercorsaltitude","article_modified_time":"2024-08-03T14:38:58+00:00","og_image":[{"width":670,"height":460,"url":"https:\/\/savatevercorsaltitude.com\/wp-content\/uploads\/2022\/07\/entrainement.jpg","type":"image\/jpeg"}],"twitter_card":"summary_large_image","twitter_misc":{"Dur\u00e9e de lecture estim\u00e9e":"1 minute"},"schema":{"@context":"https:\/\/schema.org","@graph":[{"@type":"WebPage","@id":"https:\/\/savatevercorsaltitude.com\/index.php\/horaires\/","url":"https:\/\/savatevercorsaltitude.com\/index.php\/horaires\/","name":"Horaires - Savate Vercors Altitude","isPartOf":{"@id":"https:\/\/savatevercorsaltitude.com\/#website"},"datePublished":"2022-08-01T16:05:00+00:00","dateModified":"2024-08-03T14:38:58+00:00","description":"Venez tester nos cours : Savate, Boxe d\u00e9fense, Fitness, Cross-Training, Multi-boxe ou Instant zen. 9 cr\u00e9neaux \u00e0 votre disposition!","breadcrumb":{"@id":"https:\/\/savatevercorsaltitude.com\/index.php\/horaires\/#breadcrumb"},"inLanguage":"fr-FR","potentialAction":[{"@type":"ReadAction","target":["https:\/\/savatevercorsaltitude.com\/index.php\/horaires\/"]}]},{"@type":"BreadcrumbList","@id":"https:\/\/savatevercorsaltitude.com\/index.php\/horaires\/#breadcrumb","itemListElement":[{"@type":"ListItem","position":1,"name":"Accueil","item":"https:\/\/savatevercorsaltitude.com\/"},{"@type":"ListItem","position":2,"name":"Horaires"}]},{"@type":"WebSite","@id":"https:\/\/savatevercorsaltitude.com\/#website","url":"https:\/\/savatevercorsaltitude.com\/","name":"Savate Vercors Altitude","description":"Savate Vercors Altitude","publisher":{"@id":"https:\/\/savatevercorsaltitude.com\/#organization"},"potentialAction":[{"@type":"SearchAction","target":{"@type":"EntryPoint","urlTemplate":"https:\/\/savatevercorsaltitude.com\/?s={search_term_string}"},"query-input":"required name=search_term_string"}],"inLanguage":"fr-FR"},{"@type":"Organization","@id":"https:\/\/savatevercorsaltitude.com\/#organization","name":"Savate Vercors Altitude","url":"https:\/\/savatevercorsaltitude.com\/","logo":{"@type":"ImageObject","inLanguage":"fr-FR","@id":"https:\/\/savatevercorsaltitude.com\/#\/schema\/logo\/image\/","url":"https:\/\/savatevercorsaltitude.com\/wp-content\/uploads\/2022\/07\/cropped-logo-2.jpg","contentUrl":"https:\/\/savatevercorsaltitude.com\/wp-content\/uploads\/2022\/07\/cropped-logo-2.jpg","width":1181,"height":787,"caption":"Savate Vercors Altitude"},"image":{"@id":"https:\/\/savatevercorsaltitude.com\/#\/schema\/logo\/image\/"},"sameAs":["https:\/\/www.facebook.com\/savatevercorsaltitude"]}]}},"_links":{"self":[{"href":"https:\/\/savatevercorsaltitude.com\/index.php\/wp-json\/wp\/v2\/pages\/325","targetHints":{"allow":["GET"]}}],"collection":[{"href":"https:\/\/savatevercorsaltitude.com\/index.php\/wp-json\/wp\/v2\/pages"}],"about":[{"href":"https:\/\/savatevercorsaltitude.com\/index.php\/wp-json\/wp\/v2\/types\/page"}],"author":[{"embeddable":true,"href":"https:\/\/savatevercorsaltitude.com\/index.php\/wp-json\/wp\/v2\/users\/1"}],"replies":[{"embeddable":true,"href":"https:\/\/savatevercorsaltitude.com\/index.php\/wp-json\/wp\/v2\/comments?post=325"}],"version-history":[{"count":2,"href":"https:\/\/savatevercorsaltitude.com\/index.php\/wp-json\/wp\/v2\/pages\/325\/revisions"}],"predecessor-version":[{"id":355,"href":"https:\/\/savatevercorsaltitude.com\/index.php\/wp-json\/wp\/v2\/pages\/325\/revisions\/355"}],"wp:featuredmedia":[{"embeddable":true,"href":"https:\/\/savatevercorsaltitude.com\/index.php\/wp-json\/wp\/v2\/media\/175"}],"wp:attachment":[{"href":"https:\/\/savatevercorsaltitude.com\/index.php\/wp-json\/wp\/v2\/media?parent=325"}],"curies":[{"name":"wp","href":"https:\/\/api.w.org\/{rel}","templated":true}]}}